2 = 3*p + q*i. Suppose 5*c = a, -2*a + 11 + 1 = p*c. What are the prime factors of a?
5
Let n = 6 + -4. Let q = 11 - n. Let d = 19 - q. What are the prime factors of d?
2, 5
Suppose 190 = -24*y + 26*y. What are the prime factors of y?
5, 19
Let y be 8/2 + 0 + -2. Suppose y*l - 16 = 18. List the prime factors of l.
17
Let c be ((-6)/(-6))/(2/2). What are the prime factors of (9 - 16)*(-1 - c)?
2, 7
Let c(v) = 4*v - 17*v + 14*v. List the prime factors of c(6).
2, 3
Let v be -2*1/2 - 24. Let j = v - -45. What are the prime factors of j?
2, 5
List the prime factors of (-1619)/(-6) - (10/(-12))/5.
2, 3, 5
Suppose 0 = 6*t - 5*t - 6. Suppose -2*m + 50 = 2*k + 2*m, 0 = -3*m - t. List the prime factors of k.
29
Suppose 0 = -2*c + 10. Let k be 1/(-5) - (-1)/c. Suppose -3*b - 5*m + 10 = 0, b = -4*m + 1 - k. What are the prime factors of b?
5
Let k be ((-2)/3)/(8/(-60)). Suppose 0*o - 6 = -3*h - o, k*o = 2*h - 4. What are the prime factors of h?
2
Let s = -27 + 39. Let h = -12 + 20. Let x = s - h. List the prime factors of x.
2
Suppose 5*u + 2*m - 3 - 5 = 0, -2*u - 4 = -m. Suppose 0 = -4*i - u*i. Suppose i = -3*b + 7 + 8. What are the prime factors of b?
5
Suppose -4*k + 0 = -4. List the prime factors of 36 - 0 - (-2 - k).
3, 13
Let j(y) = y**2 + 3*y + 1. Suppose 1 = -3*h + 10. Suppose 2 + 10 = -h*w. List the prime factors of j(w).
5
Suppose -16 + 0 = -2*v. What are the prime factors of v?
2
Suppose -v = 5*w - 445, 41 = 3*w + 4*v - 226. List the prime factors of w.
89
List the prime factors of (-4370)/69*(-48)/10.
2, 19
Let q = -3 - -9. Let b = q + 0. Let l(w) = 3*w + 1. List the prime factors of l(b).
19
Suppose 0 = 4*i - 0*i. Suppose i = c - 1 - 1. Suppose -3*x = -c*u + 21, x + 11 = u - x. What are the prime factors of u?
3
Suppose 0 = m + 2*m - 2*p + 1, m + 5*p - 28 = 0. Suppose -m*g + 100 = g. What are the prime factors of g?
5
Suppose -50 = -3*z - 2*z. Suppose 3*i - 3*v - z = -4*v, -4*v = 8. What are the prime factors of i?
2
What are the prime factors of (0 - 2) + 14 + 4?
2
Let c = -79 - -98. List the prime factors of c.
19
Suppose -4*f + 2*a = -7*f + 785, -f = -3*a - 247. What are the prime factors of f?
7, 37
Suppose 2*z + 250 = 4*d, 3*d = 4*d. Let q = 65 + z. What are the prime factors of (4/6)/((-8)/q)?
5
Let c be (4 + -2 - 0) + 7. Let w(v) = -4*v - 5. Let o(z) = 3*z + 4. Let b(g) = -5*o(g) - 4*w(g). List the prime factors of b(c).
3
Suppose -118 = 4*a + 26. Let i = -12 - a. List the prime factors of i.
2, 3
Let d(j) = j**2 + 2*j + 4. Let i be d(-3). Suppose -4*t = -2*t + 8. Let g = t + i. What are the prime factors of g?
3
Let x = 5 - 11. Let d = -3 - x. List the prime factors of d.
3
Let d(s) = 3*s**2 + 2*s - 1. Let b be d(1). Suppose b*m = 5 + 3. Suppose -4*n - 5*y = -24, -4*n - 4*y + 36 = -m*y. List the prime factors of n.
11
Let o(w) = 2*w**2 - 10*w**2 + 6*w**2 - w - 24*w**3. What are the prime factors of o(-1)?
23
Suppose 4 - 1 = u. Let c = 0 + u. What are the prime factors of (6 - c)/((-3)/(-8))?
2
Suppose -3*l = -4*l + 15. Let f be (-37)/(-5) + (-6)/l. Suppose -3*z = y - 23, -2*y = 3*z - f*y - 11. List the prime factors of z.
7
Suppose -8*o = -3*o - 35. Suppose -35 = -3*w + o. List the prime factors of w.
2, 7
Suppose -6*g + 159 = -g + 3*v, 2*g - 56 = -5*v. Let x = g - 14. What are the prime factors of x?
19
Let u(f) = -5*f + 3. Let l be u(5). Let x = l - -38. What are the prime factors of x?
2
Let j(a) = -a**2 + 9*a + 7. What are the prime factors of j(9)?
7
Suppose -6*d = -2*d - 4. List the prime factors of ((-12)/10)/(d/(-5)).
2, 3
Suppose 0 = 31*u - 36*u + 710. List the prime factors of u.
2, 71
Suppose 28 = 4*p - 56. Suppose -4*n = -3*t - p - 99, -3*n + 97 = -4*t. What are the prime factors of n?
3
List the prime factors of -3 + 6*4*1.
3, 7
List the prime factors of (-1)/(-2)*(-1290)/(15/(-3)).
3, 43
Let c be (0 - -1)*-1 - -4. Suppose 0 = -3*k - 2*k - 20, 67 = -5*q - c*k. Let f = -3 - q. What are the prime factors of f?
2
Suppose 3*o - 121 = 59. List the prime factors of o.
2, 3, 5
Let b = -35 - -62. List the prime factors of b.
3
What are the prime factors of (-25 - 0)*(17 + -23)?
2, 3, 5
Suppose 6*z - 10*z + 912 = 0. List the prime factors of z.
2, 3, 19
Let t(a) = a**3 + 3*a**2 - a - 1. Let z be t(-3). Suppose z*s - 50 = -5*f, -4*f - 2 = -3*s - 19. What are the prime factors of f?
2
Let z(t) = t**2 + 8*t - 5. Let g be z(-9). Suppose 5*m = -20, -7 = 3*x - 2*x + g*m. What are the prime factors of x?
3
Let f = -153 + 286. List the prime factors of f.
7, 19
List the prime factors of 3 + 3/(3/34).
37
Let h be ((-8)/(-10))/(7/35). Suppose -h*w = -3*w - 5. List the prime factors of w.
5
Let o = 197 - 69. What are the prime factors of o?
2
Let a be 6/8 - 207/36. Let q(n) = -n**3 - 6*n**2 - 6*n - 3. Let p be q(a). Suppose p*u = -3*u + 5*l + 95, 2*u + 3*l = 13. What are the prime factors of u?
2, 7
Suppose -2*j + 2*a - 3*a = -358, -4*a = 8. Suppose 2*m - 5*k + j = 6*m, -4*m + 148 = -3*k. Let i = -25 + m. List the prime factors of i.
3, 5
Let i = 59 + -83. Let d = 32 - -2. Let z = i + d. List the prime factors of z.
2, 5
What are the prime factors of (-3)/(-2)*(-8 - -54)?
3, 23
Let t be 2/(-5)*(5 + 0). Let c be t/6 + 7/3. Suppose 3*v + 2*a = -c*a + 49, 3*v - a - 29 = 0. List the prime factors of v.
11
Suppose 72 = 4*i - 4*w, -4*w + 32 = -5*i + 123. List the prime factors of i.
19
Let i(z) = 3*z**3 - z**2 - z + 1. Let x be i(1). Suppose -4*k + 10 - x = 0. List the prime factors of k.
2
Suppose -97 = 16*i - 17*i. What are the prime factors of i?
97
Let s(c) = c**3 + 3*c**2 - 2. Let j be s(-2). Let q = j + 0. Suppose 12 - q = -2*x, 3*x + 25 = 2*i. What are the prime factors of i?
5
Let j be (-1)/(-4)*6*-4. Let y = j + 11. List the prime factors of y.
5
Let k(d) = -d**2 - 8*d - 6. Let t be k(-6). Let w = t - 0. What are the prime factors of w?
2, 3
Let l be -3*(-4)/12 + 17. List the prime factors of 240/l + 2/3.
2, 7
Let x be 40/(-4) + 2*1. Let o be ((-20)/(-16))/((-2)/x). Suppose -o*h + h + 24 = 0. What are the prime factors of h?
2, 3
Let r = 18 - 13. What are the prime factors of r?
5
Suppose -50 + 5 = -5*d. Let m be 2*d/6 + 1. Suppose 0*g + 3*a = -4*g + 31, 0 = m*g + a - 37. List the prime factors of g.
2, 5
Suppose 3*y - 11 + 56 = p, 0 = -3*p + 3*y + 111. Suppose 0 = 2*d + d - p. List the prime factors of d.
11
Suppose 0 = -5*q + 144 + 661. What are the prime factors of q?
7, 23
Suppose 6*j = 3*j + 63. Let b be -2*(j/(-6) - 1). Let u = b + 0. List the prime factors of u.
3
Let s be (2 - (1 + 1)) + -2. Let a(j) = 3*j**2. Let b be a(s). Suppose b = n - 0*n. What are the prime factors of n?
2, 3
Let y = 20 + 16. List the prime factors of y.
2, 3
Let j = -5 - -3. Let c = j + 4. Suppose -61 = -5*h + 2*o, c*o + 42 = 3*h - o. List the prime factors of h.
11
Let b = 10 - 8. List the prime factors of b.
2
Suppose b + 0*b = y + 10, -5*b + 2 = y. Let r = -3 - y. What are the prime factors of r?
5
Let s(y) = 15*y + 1. What are the prime factors of s(1)?
2
Let x(g) = 11 - 9 + g + g. Suppose 12 = 7*r - 3*r. What are the prime factors of x(r)?
2
Let b(g) = -g**3 - 6*g**2 - 5*g + 2. Let n be b(-5). Suppose 0 = -c + n - 7. Let s(k) = k**2 + 5*k + 5. List the prime factors of s(c).
5
Suppose 0 = -0*z + 5*z. Suppose z = 4*f - 16, 2*f = -2*u + 6 - 4. List the prime factors of (-12)/(-8)*(-14)/u.
7
Let u = -27 - -39. What are the prime factors of u*(-1 + 9/6)?
2, 3
Let i(f) = 4*f - 19. Suppose -5*o + 12*o - 98 = 0. What are the prime factors of i(o)?
37
Let b(t) = 7*t - 5*t**2 - 3 - 2 + 6*t**2. Let m be b(-6). Let c = -1 - m. What are the prime factors of c?
2, 5
Let w be ((-8)/(-10))/((-2)/(-10)). Let k(h) = -h**3 + 4*h**2 - 9*h. Let u be k(6). What are the prime factors of (w/(-6))/(12/u)?
7
Let h(y) = y**3 + y**2 - y + 5. Let v be h(0). Let s = 7 + -4. Suppose s*b + 4*p = 37, -3*b - v*p + 35 = -3*p. List the prime factors of b.
11
What are the prime factors of (-102)/(-24)*1/(1/4)?
17
Let c be (1/2)/(1/4). Suppose 1 = -c*w + 17. List the prime factors of w.
2
Let v = -101 - -149. Suppose s - 4*s = -v. List the prime factors of s.
2
Suppose -258 = -2*p - 0*p + f, -4*p + 516 = -f. What are the prime factors of p?
3, 43
Suppose 3*k + 96 = 4*m, 3*m - 61 = -k + 6*k. List the prime factors of m.
3
Let y(r) = -4*r + 18. What are the prime factors of y(-16)?
2